4 = 26*l. Suppose l*d + 424 = 4*u, -5*d - 197 = -3*u + u. Calculate the remainder when u is divided by 32.
15
Let u = -470 + 472. Suppose -76 = -2*z - u*l, -5 = -z + 3*l + 29. Calculate the remainder when z is divided by 20.
17
What is the remainder when 5/(140/(-14))*-318 is divided by 32?
31
Suppose 5*m = 3*n - 6 - 7, 4*m + n + 24 = 0. What is the remainder when 5 + (121 - -8) + m is divided by 22?
19
Let u = -152 + 51. Let j = u - -98. What is the remainder when 165 is divided by (-114)/(-4) + (-30)/(-12) + j?
25
Suppose -3*u - 3*t + 15 = 0, 72*u + 17 = 75*u + 5*t. Suppose 5*a - 3 = 2*x + 2*a, u*x - a = 9. Calculate the remainder when 24 is divided by x.
0
Let w = -19611 - -20600. Calculate the remainder when 4946 is divided by w.
1
Let v(i) be the second derivative of i**4/2 - i**3/3 - 2*i**2 + 2*i. Suppose 129*g - 96*g - 759 = 0. Calculate the remainder when v(3) is divided by g.
21
Let r = -9215 - -9237. What is the remainder when 1005 is divided by r?
15
Let u = -3136 + 2232. Let f = u - -1188. Calculate the remainder when f is divided by 32.
28
Let n = -133 - -151. What is the remainder when (66/(-55))/((-3)/80) is divided by n?
14
Let x(s) = -15*s + 21. Let m be x(2). Calculate the remainder when 69 is divided by -3 + 2 - ((-1 - m) + -24).
9
Let w = -485 + 721. Suppose 0 = -3*a - x + 7*x - 5*x + 360, 0 = -5*x. What is the remainder when w is divided by a?
116
Suppose 3*m - 3 + 18 = 0. Let b(s) = -s**3 - 6*s**2 - 4*s + 3. Let v be b(m). Calculate the remainder when 94 is divided by 28/(-3)*((-52)/16 + v).
45
Let s = 452 - 262. Suppose 0 = 4*p - 3*o - s, 4*o + 50 = p + 2*o. Calculate the remainder when p is divided by 16.
14
Let m be 1/(-3) - (13/(-3) - 1). Suppose 6*w - m*w = 23. What is the remainder when 31 is divided by w?
8
Suppose 11*a - 10 = 6*a. Suppose 13*x - 107 = 36. Suppose r - 7 = -i, 3*r + x*i - 29 = 6*i. What is the remainder when r is divided by a?
1
Suppose -8*u = -6113 + 1801. Let x = u - 419. Calculate the remainder when x is divided by (-33 + 2)*2/(-2).
27
Let k = -36 - -53. Let p(w) = w**3 - 31*w**2 + 9*w - 183. Calculate the remainder when p(31) is divided by k.
11
Suppose 2*y = 4*n + 6646, -28*y - 3*n + 6681 = -26*y. Calculate the remainder when y is divided by 22.
11
Let i(o) = -295*o - 1. Let q(j) = -43*j - 5. Calculate the remainder when i(-1) is divided by q(-1).
28
Let r be 2/28*-4*-91. Let u = -24 + r. Calculate the remainder when (216/(-8))/(u/(-6)) is divided by 42.
39
Let w(s) = 14*s + 10. Suppose v - 2 = 3*r, -v + 9 = 2*r + 2. Suppose -638*a + 628*a + 210 = 0. What is the remainder when w(v) is divided by a?
17
Suppose 69 + 7 = j. Suppose 0 = 4*l - 5*f - 362, -84*l - 5*f + 254 = -81*l. What is the remainder when l is divided by j?
12
Suppose 0 = k + 4*l - 30, 9 = k + 5*l - 16. Let o = 119 - k. Calculate the remainder when o is divided by (-3)/(-9) + 205/15.
13
Suppose 2*m + i = -m + 357, 0 = 4*m + 3*i - 476. What is the remainder when 708 is divided by m?
113
Let n(o) = 5*o**2 - 111*o + 67. What is the remainder when n(29) is divided by 12?
9
Suppose -2*r - 2 = -3*r. Let d be (-5 + 2 - -2) + (-16 - 0). Let g = 20 + d. Calculate the remainder when g is divided by r.
1
Calculate the remainder when 11 - 13 - 6354/(-9) is divided by 25.
4
Let w be (-50744)/(-32) + (-2)/(-8). Suppose w = 5*y + 8*y. Suppose y = 7*a - 508. What is the remainder when a is divided by 48?
42
Suppose 2*r = -4*u + 904, 39*r - 5*u = 40*r - 470. What is the remainder when r is divided by 416?
24
Let k = -7222 - -8116. Calculate the remainder when k is divided by 126.
12
Let p = -257 + 14. Let x = p + 358. What is the remainder when x is divided by 33?
16
Let w(s) = 3*s**3 + 61*s**2 + 13*s - 17. Calculate the remainder when 1104 is divided by w(-20).
120
Let i be (-6)/(-9) - 10/(-3). Suppose -224 = -4*y + 4*s, -i*y - 3*s = -123 - 136. Suppose -64*r = -y*r - 129. Calculate the remainder when r is divided by 12.
7
Suppose 2*k + 20 = 4*k. Let a = 17 - k. Let h(v) = -v**2 + 402*v - 5421. What is the remainder when h(14) is divided by a?
4
Let h = 36 + -15. Suppose 5*o + 556 - 2096 = 5*x, -2*x + 3116 = 10*o. What is the remainder when o is divided by h?
17
Suppose 0 = 2*j - 4*o - 7896, 7*j + o - 15837 = 3*j. What is the remainder when j is divided by 30?
28
Suppose 2*q = -2*g + 3560, -5*g + 3*g + 3578 = 5*q. Calculate the remainder when g is divided by 71.
70
Let a(o) = 3*o**2 - 5*o + 5. Let h be a(1). Suppose 66 = -0*x + h*x. What is the remainder when 62 is divided by x?
18
Let h = -126 - -247. Suppose -14 = -5*c + h. Suppose 153 = 3*j + n, -163*j = -166*j + 2*n + 144. What is the remainder when j is divided by c?
23
Suppose -100*a = -209*a + 94*a + 225. Calculate the remainder when 425 is divided by a.
5
Suppose -5*p = -21 + 11. Suppose 4*u - p*y - 8 - 20 = 0, 5*u - 9 = -4*y. What is the remainder when u is divided by 6 - 2 - -1 - 3?
1
Let o(q) = 54*q + 2. Let w be o(1). Suppose -4*g - d + 84 = 0, -d = 3*g - 2*d - w. Suppose 3*u - g = 28. What is the remainder when 46 is divided by u?
14
Suppose 8*y = 7*y + 19*y - 396. What is the remainder when 175 is divided by y?
21
Let r be 1*(1 + 0)*3. Suppose -r*m + m = -6. What is the remainder when (-138)/12*3348/(-1426) is divided by m?
0
Let c = -118 + 180. Let t = 509 + -505. Suppose t*a - 79 = 3*v, -3*v = 2*a - 7 - 10. What is the remainder when c is divided by a?
14
Let d(m) = -16*m + 221. Calculate the remainder when 32 is divided by d(13).
6
Calculate the remainder when (14/21 - (-28196)/4) + (-35)/21 is divided by 3524.
0
Calculate the remainder when 476 is divided by 7 + 131 + -9 + -13.
12
What is the remainder when 1793 is divided by 1792/12 + (6/(-9))/(2 + 0)?
5
Suppose 927*g + 119 = m + 923*g, 0 = 5*m - 3*g - 697. What is the remainder when 545 is divided by m?
116
Calculate the remainder when 237 is divided by (-4)/(130/30 + -7)*2290/15.
8
Suppose 4*s = 16, 0*u + u + 5*s = -13. Let l = -26 - u. Suppose 3*g - b = 72, b = 4*b + 9. Calculate the remainder when g is divided by l.
2
Let s(n) = 157*n**2 - 12*n - 19. Calculate the remainder when s(-2) is divided by 13.
9
Suppose -479454 = -364*n + 440010. Calculate the remainder when n is divided by 3.
0
Let u(o) = 2*o**2 + 16*o + 26. Let y be u(-6). Suppose -43 - 45 = -y*v. Calculate the remainder when v is divided by 23.
21
Suppose 0 = -5*x + 6*x - 3. Suppose x + 15 = -3*g. Calculate the remainder when 103 is divided by (-36)/(-54) + (-86)/g.
13
Suppose 0 = -2*t + 6. Let g = 16 - 16. Suppose g = -4*x + 19 + 21. Calculate the remainder when x is divided by t.
1
Let c = 7964 + -5215. Calculate the remainder when c is divided by 8.
5
Suppose -4*t - 3 = -19. Suppose 2*r - 81 = t*r - 3*m, 3*m - 33 = r. Let x = 59 + r. Calculate the remainder when 50 is divided by x.
6
Let h = 99 - 52. Let d(i) = 7*i**2 - 6*i - 21. Let m = -178 - -173. What is the remainder when d(m) is divided by h?
43
Let g = 15 + 280. Let h = 303 - g. Let l(y) = y**3 + 4*y**2 - 3*y - 6. What is the remainder when h is divided by l(-4)?
2
Suppose q + 5*t = 3, 4*q + t + 0*t = -7. Suppose -3*w - w - 2*o + 90 = 0, -9 = -3*o. Calculate the remainder when q/(832/(-412) + 2) is divided by w.
19
Let k(a) be the second derivative of 3*a**4/4 - 13*a**3/3 + 25*a**2/2 - 296*a. Calculate the remainder when 84 is divided by k(1).
4
Let w(v) = 7*v**2 + 3*v - 3. Let m be 15/(-9) - 40/(-15). What is the remainder when 9 is divided by w(m)?
2
Let o = -7016 - -7068. Calculate the remainder when 2130 is divided by o.
50
Let k = 43 - 3. Let y = 1726 - 1720. Calculate the remainder when k is divided by y.
4
Let k be (-244)/(-10) - (-9)/15. Suppose o = -9 + k. What is the remainder when -69*((-8)/12)/1 is divided by o?
14
Suppose -56*x - 33*x = -4094. What is the remainder when 107 is divided by x?
15
Suppose -396 = -5*n - 4*r, -15*n + 7*n + 702 = -5*r. Calculate the remainder when 339 is divided by n.
3
Let t = -16293 + 16797. What is the remainder when 516 is divided by t?
12
Let c(d) = 16*d**3 - 4*d**2 + 8*d - 7. Let t = 111 + -36. What is the remainder when t is divided by c(1)?
10
Let m be (336/14)/((-4)/24). What is the remainder when ((-32)/m + 350/18)*3 is divided by 12?
11
Let r be (-206)/(-6) - 2/(-3). Suppose 4*a - 25 = r. Suppose -30 = -3*o + a. Calculate the remainder when o is d